{"id":665,"date":"2020-09-08T11:06:22","date_gmt":"2020-09-08T09:06:22","guid":{"rendered":"https:\/\/berghaus-edelhirsch.com\/contact\/"},"modified":"2021-05-27T15:59:52","modified_gmt":"2021-05-27T13:59:52","slug":"kontaktinformationen-privat-ferienhaus-kaernten","status":"publish","type":"page","link":"https:\/\/berghaus-edelhirsch.com\/de\/kontaktinformationen-privat-ferienhaus-kaernten\/","title":{"rendered":"Kontakt"},"content":{"rendered":"\n<figure class=\"wp-block-image size-large img-shadow\"><img loading=\"lazy\" decoding=\"async\" width=\"800\" height=\"419\" itemprop=\"image\" src=\"https:\/\/berghaus-edelhirsch.com\/wp-content\/uploads\/2021\/03\/jan-en-coty-van-rijssel-berghaus-edelhirsch.jpg\" alt=\"Jan und Coty Van Rijssel Berghaus Edelhirsch\" class=\"wp-image-515\" title=\"Uitzicht over het meer, Karinthi\u00eb\" srcset=\"https:\/\/berghaus-edelhirsch.com\/wp-content\/uploads\/2021\/03\/jan-en-coty-van-rijssel-berghaus-edelhirsch.jpg 800w, https:\/\/berghaus-edelhirsch.com\/wp-content\/uploads\/2021\/03\/jan-en-coty-van-rijssel-berghaus-edelhirsch-300x157.jpg 300w, https:\/\/berghaus-edelhirsch.com\/wp-content\/uploads\/2021\/03\/jan-en-coty-van-rijssel-berghaus-edelhirsch-768x402.jpg 768w\" sizes=\"auto, (max-width: 800px) 100vw, 800px\" \/><\/figure>\n\n\n\n<div class=\"wp-block-group subject intro\"><div class=\"wp-block-group__inner-container is-layout-flow wp-block-group-is-layout-flow\">\n<h1 class=\"wp-block-heading\">Wilkommen in unserem Berghaus!<\/h1>\n\n\n\n<p>Wir sind Jan und Coty van Rijssel.<\/p>\n\n\n\n<p>2017 haben wir K\u00e4rnten entdeckt und es hat unsere Herzen erobert. Als wir die Gelegenheit hatten, ein Ferienhaus in Seltschach ganz nach unseren W\u00fcnschen zu bauen, haben wir es mit beiden H\u00e4nden ergriffen!<\/p>\n\n\n\n<p>Wir genie\u00dfen es wirklich selbst, zusammen mit unseren Kindern und Enkeln. Die vielen M\u00f6glichkeiten Aktivit\u00e4ten zu unternehmen, die Natur zu genie\u00dfen, Italien und Slowenien zu besuchen (noch nicht so bekannt, aber sehr zu empfehlen!), Die freundlichen Menschen, das k\u00f6stliche Essen und die sch\u00f6nen Weine.<\/p>\n\n\n\n<p>Wir w\u00fcrden dies gerne mit anderen teilen, die dies ebenfalls sch\u00e4tzen und ihre Freizeit in dieser wundersch\u00f6nen Gegend genie\u00dfen m\u00f6chten.<\/p>\n\n\n\n<p>Sie sind herzlich Willkommen!<\/p>\n\n\n\n<p>Haben Sie Fragen zu unserer Ferienwohnung, der Umgebung oder der Reise? Sie erreichen uns unter der unten angegebenen Telefonnummer oder E-Mail-Adresse.<\/p>\n\n\n\n<div class=\"wp-block-buttons is-layout-flex wp-block-buttons-is-layout-flex\">\n<div class=\"wp-block-button\"><a class=\"wp-block-button__link\" href=\"mailto:willkommen@berghaus-edelhirsch.com\">wilkommen@berghaus-edelhirsch.com<\/a><\/div>\n\n\n\n<div class=\"wp-block-button\"><a class=\"wp-block-button__link\" href=\"callto:+31653115933\">+31 6 53 11 59 33<\/a><\/div>\n<\/div>\n\n\n\n<p><strong>Firmeninformation<\/strong><br>van Rijssel Johannes u. Mitbes.<br>Dreilandeneck-Wald nr. 6, Grundbuch 75447<br>9601 Arnoldstein, K\u00e4rnten, \u00d6sterreich<br>ATU 759 20 737<br>GISA 61285\/1915<br><a rel=\"noreferrer noopener\" href=\"https:\/\/berghaus-edelhirsch.com\/de\/geschaeftsbedingungen\/\" data-type=\"page\" data-id=\"282\" target=\"_blank\">Lesen Sie hier unsere Allgemeinen Gesch\u00e4ftsbedingungen<\/a><\/p>\n<\/div><\/div>\n\n\n\n<div class=\"wp-block-group subject route\"><div class=\"wp-block-group__inner-container is-layout-flow wp-block-group-is-layout-flow\">\n<h2 class=\"wp-block-heading\">Ihre Reise Planen<\/h2>\n\n\n\n<p>Es ist 925 km mit dem Auto von Berlin entfernt, 1118km von Hamburg, und nur 338 von M\u00fcnchen. Die Autobahn verl\u00e4uft 4 km vom Haus entfernt, das auch im Winter \u00fcber eine gut ausgebaute Provinzstra\u00dfe erreichbar ist.<\/p>\n\n\n\n<p>Sie k\u00f6nnen auch fliegen: Sie k\u00f6nnen nach Salzburg, Venedig, Ljubljana, Klagenfurt, Triest oder Graz fliegen.<\/p>\n\n\n<p><!--\n\n[su_gmap address=\"Arnoldstein, Austria\"]\n\n--><\/p>\n\n\n<div class=\"su-gmap su-u-responsive-media-yes\"><iframe loading=\"lazy\" width=\"600\" height=\"400\" src=\"\/\/maps.google.com\/maps?q=46.54388824074235%2C%2013.714183127737801&amp;output=embed\" title=\"Berghaus Edelhirsch\"><\/iframe><\/div>\n\n\n<div id=\"map-multi-marker-2\" class=\"map-multi-marker\" style=\"height: 500px; width: 100%\"><\/div>\n<\/div><\/div>\n","protected":false},"excerpt":{"rendered":"Wilkommen in unserem Berghaus! Wir sind Jan und Coty van Rijssel. 2017 haben wir K\u00e4rnten entdeckt und es hat unsere Herzen erobert. Als wir die Gelegenheit hatten, ein Ferienhaus in Seltschach ganz nach unseren W\u00fcnschen zu bauen, haben wir es mit beiden H\u00e4nden ergriffen! Wir genie\u00dfen es wirklich selbst, zusammen mit unseren Kindern und Enkeln&#8230;. <a class=\"view-article\" href=\"https:\/\/berghaus-edelhirsch.com\/de\/kontaktinformationen-privat-ferienhaus-kaernten\/\">\u279c Weiter lesen<\/a>","protected":false},"author":2,"featured_media":0,"parent":0,"menu_order":0,"comment_status":"closed","ping_status":"open","template":"","meta":{"_seopress_robots_primary_cat":"","_seopress_titles_title":"Kontaktinformationen zur Anmietung \u2600 Berghaus Edelhirsch","_seopress_titles_desc":"Habt ihr Fragen? Hier finden Sie die Kontaktdaten unseres Ferienhauses in K\u00e4rnten und Informationen zur Planung Ihrer Reise. Wir sehen Sie gern Seltschach!","_seopress_robots_index":"","footnotes":""},"class_list":["post-665","page","type-page","status-publish","hentry"],"_links":{"self":[{"href":"https:\/\/berghaus-edelhirsch.com\/de\/wp-json\/wp\/v2\/pages\/665","targetHints":{"allow":["GET"]}}],"collection":[{"href":"https:\/\/berghaus-edelhirsch.com\/de\/wp-json\/wp\/v2\/pages"}],"about":[{"href":"https:\/\/berghaus-edelhirsch.com\/de\/wp-json\/wp\/v2\/types\/page"}],"author":[{"embeddable":true,"href":"https:\/\/berghaus-edelhirsch.com\/de\/wp-json\/wp\/v2\/users\/2"}],"replies":[{"embeddable":true,"href":"https:\/\/berghaus-edelhirsch.com\/de\/wp-json\/wp\/v2\/comments?post=665"}],"version-history":[{"count":10,"href":"https:\/\/berghaus-edelhirsch.com\/de\/wp-json\/wp\/v2\/pages\/665\/revisions"}],"predecessor-version":[{"id":1726,"href":"https:\/\/berghaus-edelhirsch.com\/de\/wp-json\/wp\/v2\/pages\/665\/revisions\/1726"}],"wp:attachment":[{"href":"https:\/\/berghaus-edelhirsch.com\/de\/wp-json\/wp\/v2\/media?parent=665"}],"curies":[{"name":"wp","href":"https:\/\/api.w.org\/{rel}","templated":true}]}}

<figure class="wp-block-image size-large img-shadow"><img loading="lazy" decoding="async" width="800" height="419" itemprop="image" src="https://berghaus-edelhirsch.com/wp-content/uploads/2021/03/jan-en-coty-van-rijssel-berghaus-edelhirsch.jpg" alt="Jan und Coty Van Rijssel Berghaus Edelhirsch" class="wp-image-515" title="Uitzicht over het meer, Karinthië" srcset="https://berghaus-edelhirsch.com/wp-content/uploads/2021/03/jan-en-coty-van-rijssel-berghaus-edelhirsch.jpg 800w, https://berghaus-edelhirsch.com/wp-content/uploads/2021/03/jan-en-coty-van-rijssel-berghaus-edelhirsch-300x157.jpg 300w, https://berghaus-edelhirsch.com/wp-content/uploads/2021/03/jan-en-coty-van-rijssel-berghaus-edelhirsch-768x402.jpg 768w" sizes="auto, (max-width: 800px) 100vw, 800px" /></figure>



<div class="wp-block-group subject intro"><div class="wp-block-group__inner-container is-layout-flow wp-block-group-is-layout-flow">
<h1 class="wp-block-heading">Wilkommen in unserem Berghaus!</h1>



<p>Wir sind Jan und Coty van Rijssel.</p>



<p>2017 haben wir Kärnten entdeckt und es hat unsere Herzen erobert. Als wir die Gelegenheit hatten, ein Ferienhaus in Seltschach ganz nach unseren Wünschen zu bauen, haben wir es mit beiden Händen ergriffen!</p>



<p>Wir genießen es wirklich selbst, zusammen mit unseren Kindern und Enkeln. Die vielen Möglichkeiten Aktivitäten zu unternehmen, die Natur zu genießen, Italien und Slowenien zu besuchen (noch nicht so bekannt, aber sehr zu empfehlen!), Die freundlichen Menschen, das köstliche Essen und die schönen Weine.</p>



<p>Wir würden dies gerne mit anderen teilen, die dies ebenfalls schätzen und ihre Freizeit in dieser wunderschönen Gegend genießen möchten.</p>



<p>Sie sind herzlich Willkommen!</p>



<p>Haben Sie Fragen zu unserer Ferienwohnung, der Umgebung oder der Reise? Sie erreichen uns unter der unten angegebenen Telefonnummer oder E-Mail-Adresse.</p>



<div class="wp-block-buttons is-layout-flex wp-block-buttons-is-layout-flex">
<div class="wp-block-button"><a class="wp-block-button__link" href="mailto:willkommen@berghaus-edelhirsch.com">wilkommen@berghaus-edelhirsch.com</a></div>



<div class="wp-block-button"><a class="wp-block-button__link" href="callto:+31653115933">+31 6 53 11 59 33</a></div>
</div>



<p><strong>Firmeninformation</strong><br>van Rijssel Johannes u. Mitbes.<br>Dreilandeneck-Wald nr. 6, Grundbuch 75447<br>9601 Arnoldstein, Kärnten, Österreich<br>ATU 759 20 737<br>GISA 61285/1915<br><a rel="noreferrer noopener" href="https://berghaus-edelhirsch.com/de/geschaeftsbedingungen/" data-type="page" data-id="282" target="_blank">Lesen Sie hier unsere Allgemeinen Geschäftsbedingungen</a></p>
</div></div>



<div class="wp-block-group subject route"><div class="wp-block-group__inner-container is-layout-flow wp-block-group-is-layout-flow">
<h2 class="wp-block-heading">Ihre Reise Planen</h2>



<p>Es ist 925 km mit dem Auto von Berlin entfernt, 1118km von Hamburg, und nur 338 von München. Die Autobahn verläuft 4 km vom Haus entfernt, das auch im Winter über eine gut ausgebaute Provinzstraße erreichbar ist.</p>



<p>Sie können auch fliegen: Sie können nach Salzburg, Venedig, Ljubljana, Klagenfurt, Triest oder Graz fliegen.</p>


<p><!--

[su_gmap address="Arnoldstein, Austria"]

--></p>


<div class="su-gmap su-u-responsive-media-yes"><iframe loading="lazy" width="600" height="400" src="//maps.google.com/maps?q=46.54388824074235%2C%2013.714183127737801&amp;output=embed" title="Berghaus Edelhirsch"></iframe></div>


<div id="map-multi-marker-2" class="map-multi-marker" style="height: 500px; width: 100%"></div>
</div></div>

Wilkommen in unserem Berghaus! Wir sind Jan und Coty van Rijssel. 2017 haben wir Kärnten entdeckt und es hat unsere Herzen erobert. Als wir die Gelegenheit hatten, ein Ferienhaus in Seltschach ganz nach unseren Wünschen zu bauen, haben wir es mit beiden Händen ergriffen! Wir genießen es wirklich selbst, zusammen mit unseren Kindern und Enkeln&#8230;. <a class="view-article" href="https://berghaus-edelhirsch.com/de/kontaktinformationen-privat-ferienhaus-kaernten/">➜ Weiter lesen</a>

Habt ihr Fragen? Hier finden Sie die Kontaktdaten unseres Ferienhauses in Kärnten und Informationen zur Planung Ihrer Reise. Wir sehen Sie gern Seltschach!
