{"id":664,"date":"2020-09-08T11:06:49","date_gmt":"2020-09-08T09:06:49","guid":{"rendered":"https:\/\/berghaus-edelhirsch.com\/boek-uw-vakantie\/"},"modified":"2024-04-23T14:33:10","modified_gmt":"2024-04-23T12:33:10","slug":"buchen-sie-ihr-ferienhaus-in-kaernten","status":"publish","type":"page","link":"https:\/\/berghaus-edelhirsch.com\/de\/buchen-sie-ihr-ferienhaus-in-kaernten\/","title":{"rendered":"Buchen"},"content":{"rendered":"\n<div class=\"wp-block-group subject boeken\"><div class=\"wp-block-group__inner-container is-layout-flow wp-block-group-is-layout-flow\">\n<h1 class=\"wp-block-heading\">Buchen Sie jetzt ihren Urlaub im sonnenbeschienenen K\u00e4rnten<\/h1>\n\n\n\n<p>Sind Sie auch fasziniert von der \u00fcberw\u00e4ltigenden Sch\u00f6nheit und Vielfalt K\u00e4rntens? Z\u00f6gern Sie nicht l\u00e4nger und buchen Sie einen unvergesslichen Urlaub in unserem sch\u00f6nen Ferienvilla!<\/p>\n\n\n\n<p>Klicken Sie hier, um zu sehen, wann Berghaus Edelhirsch verf\u00fcgbar ist<\/p>\n\n\n\n<p>Sie k\u00f6nnen pro Woche von Samstag bis Samstag buchen (Check-in: 16:00 Uhr, Check-out: 10:00 Uhr).<\/p>\n\n\n\n<p>Wenn Sie eine andere Anzahl von Tagen buchen m\u00f6chten, ist dies in Absprache au\u00dferhalb der Hochsaison m\u00f6glich. Bitte kontaktieren Sie uns dazu.<\/p>\n<\/div><\/div>\n\n\n\n<h2 class=\"wp-block-heading\">Wann ist das Berghaus Edelhirsch verf\u00fcgbar?<\/h2>\n\n\n\n\n\n\n\n<h2 class=\"wp-block-heading\">Preise pro Woche<\/h2>\n\n\n\n\n\n\n<div class=\"wp-block-group subject notebene\"><div class=\"wp-block-group__inner-container is-layout-flow wp-block-group-is-layout-flow\">\n<h3 class=\"wp-block-heading has-text-align-center\">Zus\u00e4tzliche Kosten und Extras<\/h3>\n\n\n\n<ul class=\"wp-block-list\">\n<li>Kaution von 300 \u20ac pro Buchung *<\/li>\n\n\n\n<li>Endreinigung f\u00fcr 120 \u20ac *<\/li>\n\n\n\n<li>Bettw\u00e4sche pro Aufenthalt (einschlie\u00dflich gemachter Betten bei der Ankunft) f\u00fcr \u20ac 15 p.P *<\/li>\n\n\n\n<li>K\u00fcchenw\u00e4sche pro Aufenthalt f\u00fcr 5 \u20ac<\/li>\n\n\n\n<li>Handtuchpaket pro Aufenthalt f\u00fcr 8 \u20ac p.p.<\/li>\n\n\n\n<li>Stromverbrauch bei 0,40 \u20ac \/ kWh **<\/li>\n\n\n\n<li>Kurtaxe von 2,70 \u20ac p.p. pro Tag ***<\/li>\n\n\n\n<li>Die Nutzung des Internets, der Waschmaschine, des Kaminholzes usw. ist in der Miete enthalten.<\/li>\n<\/ul>\n\n\n\n<p>* verpflichtet<br>** wird von der R\u00fcckerstattung der Anzahlung auf der endg\u00fcltigen Abrechnung abgezogen<br>*** obligatorisch und in bar an den Hausmeister zu zahlen<\/p>\n\n\n\n<h4 class=\"wp-block-heading has-text-align-center\">Bitte beachten Sie<\/h4>\n\n\n\n<p>Bei der Buchung m\u00fcssen Sie eine Anzahlung von 25% der Gesamtmiete leisten.<\/p>\n\n\n\n<p>Die restlichen 75% der Gesamtmiete und die Kaution von 300 \u20ac m\u00fcssen sp\u00e4testens 6 Wochen vor dem Ankunftsdatum bezahlt werden.<\/p>\n<\/div><\/div>\n","protected":false},"excerpt":{"rendered":"Buchen Sie jetzt ihren Urlaub im sonnenbeschienenen K\u00e4rnten Sind Sie auch fasziniert von der \u00fcberw\u00e4ltigenden Sch\u00f6nheit und Vielfalt K\u00e4rntens? Z\u00f6gern Sie nicht l\u00e4nger und buchen Sie einen unvergesslichen Urlaub in unserem sch\u00f6nen Ferienvilla! Klicken Sie hier, um zu sehen, wann Berghaus Edelhirsch verf\u00fcgbar ist Sie k\u00f6nnen pro Woche von Samstag bis Samstag buchen (Check-in: 16:00&#8230; <a class=\"view-article\" href=\"https:\/\/berghaus-edelhirsch.com\/de\/buchen-sie-ihr-ferienhaus-in-kaernten\/\">\u279c Weiter lesen<\/a>","protected":false},"author":2,"featured_media":0,"parent":0,"menu_order":0,"comment_status":"closed","ping_status":"open","template":"","meta":{"_seopress_robots_primary_cat":"","_seopress_titles_title":"Ihren Buchen Urlaub im sonnigen K\u00e4rnten \u2600 Berghaus Edelhirsch","_seopress_titles_desc":"Buchen Sie Ihren Traumurlaub in unserer privaten Ferienvilla im gastfreundlichen K\u00e4rnten und genie\u00dfen Sie: Essen, Getr\u00e4nke, Ruhe, Natur, Kultur und Aktivit\u00e4ten!","_seopress_robots_index":"","footnotes":""},"class_list":["post-664","page","type-page","status-publish","hentry"],"_links":{"self":[{"href":"https:\/\/berghaus-edelhirsch.com\/de\/wp-json\/wp\/v2\/pages\/664","targetHints":{"allow":["GET"]}}],"collection":[{"href":"https:\/\/berghaus-edelhirsch.com\/de\/wp-json\/wp\/v2\/pages"}],"about":[{"href":"https:\/\/berghaus-edelhirsch.com\/de\/wp-json\/wp\/v2\/types\/page"}],"author":[{"embeddable":true,"href":"https:\/\/berghaus-edelhirsch.com\/de\/wp-json\/wp\/v2\/users\/2"}],"replies":[{"embeddable":true,"href":"https:\/\/berghaus-edelhirsch.com\/de\/wp-json\/wp\/v2\/comments?post=664"}],"version-history":[{"count":11,"href":"https:\/\/berghaus-edelhirsch.com\/de\/wp-json\/wp\/v2\/pages\/664\/revisions"}],"predecessor-version":[{"id":1975,"href":"https:\/\/berghaus-edelhirsch.com\/de\/wp-json\/wp\/v2\/pages\/664\/revisions\/1975"}],"wp:attachment":[{"href":"https:\/\/berghaus-edelhirsch.com\/de\/wp-json\/wp\/v2\/media?parent=664"}],"curies":[{"name":"wp","href":"https:\/\/api.w.org\/{rel}","templated":true}]}}

<div class="wp-block-group subject boeken"><div class="wp-block-group__inner-container is-layout-flow wp-block-group-is-layout-flow">
<h1 class="wp-block-heading">Buchen Sie jetzt ihren Urlaub im sonnenbeschienenen Kärnten</h1>



<p>Sind Sie auch fasziniert von der überwältigenden Schönheit und Vielfalt Kärntens? Zögern Sie nicht länger und buchen Sie einen unvergesslichen Urlaub in unserem schönen Ferienvilla!</p>



<p>Klicken Sie hier, um zu sehen, wann Berghaus Edelhirsch verfügbar ist</p>



<p>Sie können pro Woche von Samstag bis Samstag buchen (Check-in: 16:00 Uhr, Check-out: 10:00 Uhr).</p>



<p>Wenn Sie eine andere Anzahl von Tagen buchen möchten, ist dies in Absprache außerhalb der Hochsaison möglich. Bitte kontaktieren Sie uns dazu.</p>
</div></div>



<h2 class="wp-block-heading">Wann ist das Berghaus Edelhirsch verfügbar?</h2>







<h2 class="wp-block-heading">Preise pro Woche</h2>






<div class="wp-block-group subject notebene"><div class="wp-block-group__inner-container is-layout-flow wp-block-group-is-layout-flow">
<h3 class="wp-block-heading has-text-align-center">Zusätzliche Kosten und Extras</h3>



<ul class="wp-block-list">
<li>Kaution von 300 € pro Buchung *</li>



<li>Endreinigung für 120 € *</li>



<li>Bettwäsche pro Aufenthalt (einschließlich gemachter Betten bei der Ankunft) für € 15 p.P *</li>



<li>Küchenwäsche pro Aufenthalt für 5 €</li>



<li>Handtuchpaket pro Aufenthalt für 8 € p.p.</li>



<li>Stromverbrauch bei 0,40 € / kWh **</li>



<li>Kurtaxe von 2,70 € p.p. pro Tag ***</li>



<li>Die Nutzung des Internets, der Waschmaschine, des Kaminholzes usw. ist in der Miete enthalten.</li>
</ul>



<p>* verpflichtet<br>** wird von der Rückerstattung der Anzahlung auf der endgültigen Abrechnung abgezogen<br>*** obligatorisch und in bar an den Hausmeister zu zahlen</p>



<h4 class="wp-block-heading has-text-align-center">Bitte beachten Sie</h4>



<p>Bei der Buchung müssen Sie eine Anzahlung von 25% der Gesamtmiete leisten.</p>



<p>Die restlichen 75% der Gesamtmiete und die Kaution von 300 € müssen spätestens 6 Wochen vor dem Ankunftsdatum bezahlt werden.</p>
</div></div>

Buchen Sie jetzt ihren Urlaub im sonnenbeschienenen Kärnten Sind Sie auch fasziniert von der überwältigenden Schönheit und Vielfalt Kärntens? Zögern Sie nicht länger und buchen Sie einen unvergesslichen Urlaub in unserem schönen Ferienvilla! Klicken Sie hier, um zu sehen, wann Berghaus Edelhirsch verfügbar ist Sie können pro Woche von Samstag bis Samstag buchen (Check-in: 16:00&#8230; <a class="view-article" href="https://berghaus-edelhirsch.com/de/buchen-sie-ihr-ferienhaus-in-kaernten/">➜ Weiter lesen</a>

Ihren Buchen Urlaub im sonnigen Kärnten ☀ Berghaus Edelhirsch

Buchen Sie Ihren Traumurlaub in unserer privaten Ferienvilla im gastfreundlichen Kärnten und genießen Sie: Essen, Getränke, Ruhe, Natur, Kultur und Aktivitäten!
